or of k and 3.
3
Let l = -8 + 3. Let u = l + 16. Calculate the highest common divisor of u and 99.
11
Let c = 18 + -5. Let t(l) = l**3 + 6*l**2 - 9*l - 2. Let w be t(-6). Let j be (w/(-10))/(2/(-40)). What is the greatest common factor of j and c?
13
Let g be (-9)/(-2)*2/(-3). Let n be 4/(-6) + (-101)/g. What is the highest common divisor of 11 and n?
11
Let d = 1 + 1. Let w = 14 - d. What is the highest common factor of 12 and w?
12
Suppose -3*i = i - 12, -3*j - 5*i = -225. What is the greatest common factor of j and 14?
14
Let s be ((-10)/(2 + -7))/((-1)/(-21)). Calculate the highest common factor of s and 168.
42
Suppose p + 8*s = 3*s + 29, 0 = 4*s - 8. Calculate the highest common factor of 133 and p.
19
Suppose 0 = b + 2*b. Suppose b = -3*d + 245 + 184. Calculate the highest common factor of d and 13.
13
Let n = -5 + -4. Let g = 23 + n. What is the greatest common divisor of 21 and g?
7
Let b be 12/(2 - 70/36). Calculate the greatest common divisor of 24 and b.
24
Let z(l) = -8*l - 7. Let m = -29 - -20. Let q be z(m). What is the highest common factor of 13 and q?
13
Suppose 0 = -5*r - 4*s + 185, -2 = -r + 2*s + 21. What is the highest common factor of 231 and r?
33
Let x be ((-20)/6)/(2/(-6)). Let p(k) = 4*k**3 + k. Let r be p(1). Calculate the greatest common divisor of x and r.
5
Let u be 1*(-195 - 3)/(-1). Let l be 19 - 2/(4/2). Calculate the highest common divisor of l and u.
18
Suppose 0 = 5*w - 622 - 143. Calculate the highest common factor of 17 and w.
17
Suppose -5*b = -4*s - 3, 2*b - 6*b = -4*s. Suppose 31 = 3*i - b*p + 5*p, -16 = 4*p. Let c be -26*(-2)/((-4)/(-9)). What is the highest common factor of i and c?
13
Suppose -7*c + 12 = -4*c. Let m(f) be the third derivative of f**4/24 + 10*f**3/3 - 2*f**2. Let s be m(0). Calculate the greatest common factor of s and c.
4
Suppose -6*j + 21 = -45. Calculate the greatest common factor of j and 77.
11
Let u be 165/(-3) - (-2 + 1). Let l = u + 82. Calculate the highest common divisor of 4 and l.
4
Let k(d) = -d**3 + 14*d**2 + 14*d + 23. Let r be k(15). Calculate the highest common factor of 64 and r.
8
Let o(x) = 4*x**2 + x - 5. Let i be o(-3). Suppose -4*v + i = -20. Calculate the highest common divisor of 8 and v.
4
Let h be (27/(-3))/(6/(-8)). Let o = 10 - 4. Let z be (1782/45)/(o/20). Calculate the highest common divisor of h and z.
12
Suppose 2*c + 2*l + 3 = -3, 2*l = 3*c - 16. Let i = -83 + 85. What is the greatest common divisor of c and i?
2
Let o = -38 + 52. Calculate the greatest common factor of 98 and o.
14
Suppose 9 = -8*a + 4*a + 5*w, 0 = 5*a + 2*w - 30. Let r = 51 - 31. Calculate the highest common divisor of r and a.
4
Let q(a) = -a**3 + 14*a**2 + 32*a + 15. Let y be q(16). What is the greatest common divisor of y and 15?
15
Suppose -3*y + 2*y = -386. Suppose 0 = 2*b - 4*v - y, -3*b - 4*v = -0*b - 559. Let t be 3*2/((-4)/(-14)). What is the highest common factor of b and t?
21
Let r = 34 + -14. Suppose -s + 9*s + 64 = 0. Let b = r + s. What is the highest common divisor of b and 132?
12
Let b be (7/(-4))/(2/(-8)). Let r = b - -3. Calculate the greatest common factor of r and 40.
10
Let x = 65 - 49. Calculate the greatest common factor of x and 40.
8
Let w be 6/(-1 - (-4 - -1)). Suppose -34 = 5*y - 194. Let t = -11 + y. What is the greatest common divisor of t and w?
3
Suppose -2*y - 84 = -4*g - 22, -3*g + 3*y + 51 = 0. What is the greatest common divisor of 266 and g?
14
Suppose 30 = 5*d + 4*p, -2*d - 9 = d - 3*p. Let m be 2*1 - (-13 + d). What is the greatest common factor of 91 and m?
13
Suppose 4*x - 3 = 9. Suppose -x*w = w. Suppose w = -3*t - 2*t + 170. Calculate the highest common factor of 51 and t.
17
Suppose 0 = -4*i + 8 + 12. Suppose -i*q = 37 - 122. What is the greatest common factor of 17 and q?
17
Let v = -723 - -750. Let n = 9 - 0. What is the highest common divisor of n and v?
9
Suppose -4*t - 3*j + 168 = 0, 6*t = 8*t - j - 84. Calculate the greatest common factor of 24 and t.
6
Let h(a) = a**2 - 9*a - 8. Let o be h(6). Let x = -2 - o. Calculate the highest common factor of 60 and x.
12
Suppose w - 2*t + 48 = 5*w, -5*t = -3*w + 23. Let n be (192/(-3))/(-2) + 1. Calculate the greatest common factor of n and w.
11
Suppose 0 = -2*n - 4, -2*j - 2*n = -5*j + 247. Calculate the highest common divisor of 18 and j.
9
Suppose 23 = c + 2*b, 2*c - 10*b + 7*b = 18. Suppose 0*j = -2*j + 240. What is the highest common divisor of c and j?
15
Suppose -5*a + 105 = 3*y - 2*a, 37 = y - a. Suppose -y = -x - x. What is the highest common factor of 2 and x?
2
Suppose 0*w + w = 0. Let a = w - 4. Let n be a/18 + (-310)/(-18). Calculate the greatest common divisor of 68 and n.
17
Let g = 113 - 56. What is the greatest common divisor of g and 38?
19
Let c(t) = t**3 + 3*t**2 + 3. Let n be c(-3). Suppose n*v + 284 = 5*r, -2*r + 3*v + 229 = 2*r. What is the greatest common factor of 5 and r?
5
Let y(z) = -z**3 - 3*z**2 + 4. Let u be 0 - (-1)/(3/(-9)). Let w be y(u). Calculate the greatest common factor of w and 16.
4
Let j(y) = -y + 10. Let p be j(-4). Calculate the highest common divisor of 56 and p.
14
Let l(v) be the second derivative of v**3/2 - 4*v**2 + v. Let y be l(6). Let o = -4 + y. Calculate the highest common factor of 12 and o.
6
Suppose 5*a + 14 = 99. Calculate the highest common factor of a and 187.
17
Let z(i) = -1 - 5 - 26*i + 3. Let s be z(-2). Let h be (0 + 1/(-2))*-14. What is the greatest common factor of s and h?
7
Suppose 0 = 2*r + r - 5*c - 35, 0 = 2*r + 5*c + 10. What is the highest common factor of 5 and r?
5
Let r be (-1)/(2*1/(-16)). Let s(g) = -g**3 - 8*g**2 - 10*g + 8. Let h be s(-8). Calculate the greatest common divisor of r and h.
8
Suppose -k = k. Suppose 0 = -2*r + 2*a + 116, 4*r - 2*a - 236 = -k*a. Calculate the greatest common divisor of 10 and r.
10
Suppose -3*l = -2*l - 13. Let a = 18 - l. Suppose 5*w - 422 = -c, 3*w + 0*c - 262 = -a*c. What is the highest common factor of w and 12?
12
Suppose -7*z + 2*z = -70. Let m = 65 + -44. What is the greatest common factor of z and m?
7
Suppose -4*f - 243 = -5*n + 362, 242 = 2*n + 4*f. What is the greatest common divisor of n and 11?
11
Let c be (2 - 44/(-3))/((-6)/(-9)). What is the greatest common factor of c and 25?
25
Let f be (-4602)/(-286) + (-3)/33. Suppose 2*t - 3*z + 5*z = 42, t - 30 = 2*z. Calculate the greatest common factor of t and f.
8
Suppose 2*y = 3 + 5. Suppose 0 = 2*m - 7*m + 45. Suppose -146 = -4*a + 2*c, -a + m + 23 = 4*c. What is the greatest common factor of y and a?
4
Let c(w) = w**2 + 1. Let v(x) = x**3 + 8*x**2 - 5*x + 8. Let p(u) = -3*c(u) + v(u). Let s be p(-5). Calculate the highest common divisor of 20 and s.
10
Let f(u) = u**3 + 18*u**2 + 27*u - 4. Let c be f(-16). What is the highest common factor of 19 and c?
19
Suppose 3*x - 39 = 3*k, 3*x - 44 = 4*k - 0. Let g be 142/4 + 4/x. Calculate the highest common factor of 9 and g.
9
Let c be 2/8 + (-28)/(-16). Suppose b - l + 3 = 0, 0 = c*b - b + 4*l - 22. Let k be b*-5*(-3)/2. Calculate the highest common divisor of k and 135.
15
Let t = 26 + -15. Suppose -3*b = -2*b. Suppose -p - 5*g = -b*p - 33, -2*p + 66 = g. What is the greatest common divisor of t and p?
11
Let t(q) = 3*q**2 - 18 + 5 + 5*q + q**3 - 12*q**2. Let m be t(9). Calculate the highest common divisor of 4 and m.
4
Suppose -3*x - 3*l = -75, -3*x + 3*l + 4 = -71. Suppose -x = -3*p - 1. Suppose 38 + 42 = 5*s. What is the greatest common divisor of s and p?
8
Let k(s) = -s**2 + 13*s - 6. Let h be k(10). What is the highest common divisor of h and 12?
12
Let b be (-1)/((-3)/147) + 1. Let k be (-3 - -10)/(2/b). What is the greatest common factor of 25 and k?
25
Suppose 3*y - 3*s - 174 = 0, -4*s - 3 = -3*s. Let j be -2*11*(-3 - -2). What is the greatest common factor of j and y?
11
Let w(x) = x + 9. Let j be w(6). What is the greatest common divisor of 3 and j?
3
Suppose 6*j = 2*j - 2*h + 66, 0 = 4*j + 4*h - 68. Suppose 5*v + 0*i + 5*i - 665 = 0, 3*i = -v + 143. Calculate the highest common factor of v and j.
16
Let x = -2 + 18. Suppose 0 = -3*b - b + 4, 4*t = -b + 97. Calculate the highest common factor of x and t.
8
Suppose 3*a - 5*a = -6. Let o be -3 + a/3*43. Let r = 90 - o. What is the highest common divisor of r and 10?
10
Let p(i) = -13*i - 2. Let h be 2/(-3 - -1